e r(-12). Suppose -o = -f*o + 12. What is the highest common divisor of w and o?
3
Suppose -4*t = 15*t - 76. Let r be (2 + 320/4)*(0 + 2). Calculate the highest common divisor of t and r.
4
Suppose -2539 + 1677 = -5*k - u, -691 = -4*k - u. Let j = -17 + 26. Calculate the highest common divisor of k and j.
9
Let y = -556 - -560. Suppose -4*g + 138 = -20*v + 21*v, y = 2*v. What is the highest common factor of 187 and g?
17
Suppose 219 = 2*m + 3*g, 2*m - 2*g - 179 = 3*g. Let r(u) = -17*u + 3644. Let z be r(214). What is the highest common factor of m and z?
6
Suppose -3*q - 5*t + 35 = q, -4*q = -4*t - 44. Let b = -105 - -101. Let y be (0/b)/5 - -10. Calculate the greatest common divisor of q and y.
10
Suppose 0*v + 5*v - 340 = 0. Suppose 5*w - 5*o - 40 = 0, -3*w - 2170*o = -2167*o. What is the highest common factor of w and v?
4
Let z(g) = -3*g**2 - 112*g + 143. Let k be z(-37). Calculate the greatest common factor of 460 and k.
20
Suppose -1 = -w - 4, w - 417 = -5*y. Let d be (12/10)/(y/700). Calculate the highest common factor of d and 130.
10
Let z be 12*1*(-6)/(-1). Let a(i) = -i**3 - 24*i**2 - 65*i - 34. Let g be a(-21). Let y = g + z. Calculate the highest common factor of y and 10.
10
Suppose 6*j - 15*j = 18. Let f be j/4*-6 + 12. Let x = 86 + -74. Calculate the greatest common divisor of x and f.
3
Let x be 508/(-5)*180/(-144). Calculate the highest common divisor of x and 9017.
127
Let z(t) = 4*t**2 - 53*t + 189. Let d be z(6). What is the greatest common divisor of d and 8805?
15
Suppose -4*j = -a - 257, j + 2*a - 254 = -3*j. What is the greatest common divisor of j and 1312?
32
Let y be 2/2*((74 - 0) + 0). Let d be (-2 - 33/(-12))/(59/52156) + 3. Calculate the highest common factor of y and d.
74
Let u be (96/40)/((-6)/(-8))*45. Calculate the highest common factor of u and 72.
72
Suppose 2726 = 17*v - 249. Suppose 5*d - 3*x = 2*x, -5*d + 3*x + 10 = 0. Calculate the greatest common factor of v and d.
5
Let w = -233 - 59. Let o = 387 + w. Calculate the highest common factor of 380 and o.
95
Let i(j) = -j**3 - 3*j**2 + 9*j + 28. Let w be i(-4). Let s(l) = 25*l - 14. Let h be s(w). Calculate the greatest common divisor of h and 6.
6
Let n = -686 + 599. Suppose -4*y + 2144 = 256. Let o = y + n. What is the greatest common factor of 35 and o?
35
Suppose 32 = 4*z - 2*n, -3*z + 18 + 7 = -2*n. Suppose -4*p + 424 = h, 5*p - 513 = -4*h + z*h. Calculate the highest common divisor of p and 45.
15
Let r = -13011 - -25206. What is the greatest common factor of r and 135?
45
Let c(j) be the first derivative of 195*j**4/4 + 2*j**3/3 + 2*j**2 - 6*j - 54. Let s be c(1). Calculate the highest common factor of 520 and s.
65
Suppose 2248*u = 2255*u - 14. Suppose 0 = -t + u, -d - 12*t + 387 = -14*t. Calculate the greatest common divisor of 17 and d.
17
Let y = -14243 - -14299. What is the greatest common factor of y and 2590?
14
Suppose 4*n = -5*s + 52, -2*s + 22 = 20*n - 18*n. Let z(l) = -87*l**3 - l. Let p be z(-1). What is the highest common factor of s and p?
8
Let w(l) = 2*l**2 + 14*l + 33. Let v be w(-6). Let h = v + 24. Calculate the highest common factor of h and 27.
9
Suppose -71 + 74 = -s. Let b be s/(-8) + (-423)/(-24). Let i = 30 - 26. Calculate the greatest common divisor of i and b.
2
Suppose -2*w = -1 - 13. Suppose 9*d - 39 = 1536. What is the greatest common factor of d and w?
7
Let l be ((-45)/(-10) - 10)*-140. What is the greatest common factor of 66 and l?
22
Let y be (-50)/3 - (38/6 + -6). Let k = 2 + y. Let q(g) = 2*g + 43. Let h be q(k). What is the highest common factor of h and 13?
13
Let r(p) = p + 28. Let o be r(-19). Let a = 3 + -9. Let j be 4*(o/a - (-273)/12). Calculate the highest common factor of 34 and j.
17
Suppose -11 = -12*p + 13. Suppose 20*d + 5 = 21*d. Suppose -251 - 63 = -p*m + 4*b, -b - 767 = -d*m. Calculate the highest common divisor of m and 17.
17
Suppose l - 7 = 33. Let i(h) = 48*h**2 + 534*h + 74. Let q be i(-11). What is the greatest common divisor of q and l?
8
Let g(w) = -6921*w**3 - 5*w**2 - 5*w - 2. Let o be g(-1). What is the greatest common factor of o and 111?
37
Let j be (-8 + (-160)/70)/(0 - 8/84). Calculate the highest common factor of 486 and j.
54
Suppose 5*z = -92*h + 89*h + 117, z = 2*h + 26. Let y = 83 - -103. Calculate the highest common divisor of y and z.
6
Let v(t) = 212*t**2 + 19*t - 46. Let a be v(4). Suppose 0 = 9*i + 1118 - a. What is the highest common factor of i and 8?
8
Let r(t) = -17*t + 34. Let h be r(2). Suppose 32*p - 35*p + 60 = h. What is the greatest common factor of 580 and p?
20
Let s be 84 - 4*(15/(-6))/(-5). Let l = 24 - s. Let f = 14 - l. What is the greatest common divisor of f and 18?
18
Let x be (-24 + 6)/(-9) - -1. Let a(p) = 10*p + 5. Let z be a(7). Calculate the greatest common factor of z and x.
3
Let t = -4174 + 4366. Calculate the greatest common factor of 600 and t.
24
Let j = -32122 + 32520. Calculate the highest common factor of j and 52.
2
Suppose -3*l = 3*n - 252, -4*n - l = 62 - 386. What is the highest common divisor of n and 3280?
80
Let v be (-2)/((-10)/(-33))*(-440)/132. Suppose 5*y - 115 = 5*r, 2 - v = -y + 4*r. Calculate the greatest common factor of 216 and y.
24
Let s be (-1)/2 + 287/2. Let f(p) = -11 - 5 + 2 + 30*p - 3. Let d be f(1). Calculate the highest common divisor of s and d.
13
Let z be (-2)/5 + (-44)/(-10). Suppose 4*w = 1859 - 95. Suppose -9*r + w = 45. What is the greatest common divisor of z and r?
4
Suppose 0 = -49*m + 230 - 36 + 51. Calculate the greatest common divisor of m and 4195.
5
Suppose 139 = 13*s - 17. Suppose 17*q = 16*q + 4. What is the greatest common factor of q and s?
4
Suppose -122*a + 77*a = -136890. Calculate the greatest common divisor of a and 468.
234
Suppose -4*d - 48 = -m + 312, -5*d = 4*m - 1335. What is the highest common divisor of m and 15?
5
Let w(n) = -225*n + 7. Let h be w(-3). Let t = -36205 - -36227. Calculate the greatest common divisor of h and t.
22
Suppose -22 = -9*t + 14. Suppose 3*x = 3*l - 249, l - 422 = -t*l - 2*x. Calculate the greatest common divisor of l and 12.
12
Let t be (-1372)/(-8) + -5 + (-3)/(-6). Let i = t - 23. Let c = i + -52. Calculate the greatest common factor of c and 23.
23
Let m be 1/2 + ((-483)/(-2))/3. Let q(s) = -s**2 - s + 81. Let r be q(-9). Calculate the greatest common divisor of m and r.
9
Suppose 848 + 969 = 18*h - 2215. Calculate the greatest common factor of 105 and h.
7
Let g = -47 - -49. Let j be g*8*(-10)/(-20). Calculate the highest common factor of j and 584.
8
Suppose y = 3*y - 4*x - 402, -834 = -4*y - 2*x. Suppose -4*d + 2*u + 155 = -299, 3*u = 2*d - 221. What is the greatest common divisor of d and y?
23
Let g be (53 - 0) + (-3 - -2). Suppose 148 + g = 4*v. Suppose -q = 4*q - v. Calculate the highest common divisor of q and 70.
10
Suppose 26*x + 2776 = 18*x. Let q = x + 361. Calculate the greatest common divisor of 28 and q.
14
Let h(q) = q**3 + 48*q**2 - 14*q - 637. Let x be h(-48). What is the highest common factor of x and 11585?
35
Let t = 10477 + -10367. Let h(q) = -2*q + q + 2 + q**3 - 1 - 3 + 4*q**2. Let v be h(-3). Calculate the greatest common divisor of v and t.
10
Suppose -2*t = 263 - 269. Suppose -2*z + 24 = 5*b, b - 21 = -t*b - z. Calculate the greatest common factor of b and 4.
2
Suppose 4*k - 35 = -23. Suppose 224 = k*c + 5*c. Calculate the highest common divisor of c and 35.
7
Let y be ((-34)/(-6)*-1)/(6/(-36)). What is the greatest common divisor of y and 4250?
34
Let b(h) = h**3 - 45*h**2 + 100*h - 1981. Let x be b(44). What is the highest common factor of 84 and x?
21
Let v = -13157 + 13343. Let c be 2 + -1 + -1 - 0. Suppose -3*w + 2*a + v = c, a - 10 - 107 = -2*w. Calculate the greatest common divisor of w and 12.
12
Let q(r) = r**3 - 11*r**2 + 14*r - 33. Let u be q(10). Suppose u*z - 271 = 219. What is the greatest common divisor of 700 and z?
70
Let n(s) = s**3 + 7*s**2 + 5*s. Let o be n(-2). Suppose -2*w = -p - 32, 3*p - o + 58 = 3*w. What is the greatest common divisor of w and 488?
8
Let l be -14 + 26 + 1747 + 10*1. What is the highest common divisor of 488 and l?
61
Let x = -3743 + 4983. What is the highest common factor of 2945 and x?
155
Suppose -12*g - 4017 = -7*g - 8*g. Calculate the highest common divisor of g and 65.
13
Let t